70?
1335
What is the greatest common factor of 2106 and 39?
39
What is the greatest common divisor of 25 and 335?
5
Calculate the highest common factor of 4200 and 12900.
300
What is the highest common divisor of 6988411 and 34?
17
What is the greatest common factor of 1517 and 37666?
37
What is the highest common divisor of 1247655 and 15?
15
Calculate the highest common divisor of 11 and 97339.
11
Calculate the greatest common divisor of 492 and 16164.
12
Calculate the greatest common divisor of 6908 and 92159.
157
What is the highest common factor of 424 and 6608782?
106
Calculate the greatest common factor of 46038 and 24.
6
What is the highest common divisor of 1001 and 549367?
91
Calculate the highest common factor of 8 and 554656.
8
Calculate the highest common divisor of 37210 and 1830.
610
What is the greatest common factor of 172 and 2602532?
172
What is the highest common factor of 170593 and 155?
31
Calculate the greatest common factor of 45 and 536505.
15
What is the greatest common divisor of 671023 and 19?
19
What is the greatest common divisor of 500 and 33450?
50
Calculate the greatest common factor of 399569 and 2589.
863
What is the greatest common divisor of 4575 and 30988?
61
Calculate the greatest common divisor of 1053 and 14001.
39
Calculate the greatest common factor of 120522 and 5088.
318
What is the greatest common factor of 31212 and 306?
306
What is the highest common divisor of 1529898 and 17?
17
Calculate the highest common divisor of 10363 and 5543.
241
Calculate the greatest common factor of 7847 and 32214.
413
What is the highest common divisor of 1461210 and 120?
30
Calculate the greatest common factor of 214 and 3832954.
214
Calculate the greatest common divisor of 7612190 and 610.
610
Calculate the greatest common divisor of 15756 and 117.
39
Calculate the highest common factor of 120 and 1068.
12
What is the highest common divisor of 1831530 and 10?
10
What is the highest common divisor of 12469 and 337?
337
Calculate the highest common factor of 122927 and 15495.
1033
What is the highest common divisor of 183 and 73810?
61
What is the greatest common divisor of 12728 and 4958?
74
What is the greatest common factor of 765928 and 76?
76
Calculate the highest common factor of 12345 and 345.
15
Calculate the highest common divisor of 98 and 49735.
49
What is the highest common divisor of 21042 and 126?
126
What is the highest common factor of 78 and 131118?
78
What is the highest common factor of 2436110 and 472?
118
What is the highest common divisor of 1108 and 480?
4
What is the highest common divisor of 283127 and 377?
377
Calculate the greatest common divisor of 5632 and 594.
22
What is the greatest common factor of 867 and 611813?
289
What is the greatest common factor of 28 and 2713396?
28
What is the highest common factor of 36504 and 171366?
1014
Calculate the highest common factor of 36 and 1370100.
12
What is the greatest common factor of 10440 and 68382?
522
Calculate the highest common factor of 8834 and 966.
14
Calculate the greatest common divisor of 91326 and 744.
186
What is the greatest common factor of 158536 and 589?
19
Calculate the highest common divisor of 876 and 1788.
12
What is the greatest common divisor of 496 and 7719?
31
What is the greatest common factor of 288865 and 5?
5
What is the greatest common divisor of 632 and 6664?
8
What is the highest common factor of 1660 and 138610?
830
What is the greatest common factor of 3065 and 25?
5
Calculate the highest common factor of 53116 and 24010.
98
What is the highest common factor of 30997 and 446?
223
What is the greatest common divisor of 288 and 5034?
6
Calculate the greatest common factor of 18117 and 126148.
671
What is the greatest common factor of 2868 and 1464?
12
What is the highest common divisor of 4776224 and 64?
32
Calculate the greatest common divisor of 333017 and 23.
23
Calculate the highest common factor of 25 and 18332725.
25
Calculate the highest common factor of 328 and 372280.
328
What is the highest common divisor of 24628 and 5264?
188
Calculate the highest common factor of 203 and 37.
1
Calculate the highest common factor of 1152 and 81280.
128
What is the highest common divisor of 1347434 and 146?
146
What is the greatest common factor of 190 and 669275?
95
What is the highest common factor of 80 and 70128?
16
Calculate the greatest common factor of 4092616 and 88.
88
Calculate the highest common divisor of 9568584 and 108.
108
Calculate the highest common factor of 260 and 29720.
20
Calculate the highest common divisor of 18 and 458046.
18
What is the greatest common divisor of 169726 and 10?
2
Calculate the highest common divisor of 9 and 21591.
9
Calculate the greatest common factor of 55 and 83105.
55
Calculate the greatest common divisor of 132153 and 62.
31
Calculate the highest common factor of 523 and 4017163.
523
What is the greatest common divisor of 99894 and 51?
3
Calculate the greatest common divisor of 4878016 and 533.
533
Calculate the greatest common factor of 30944 and 256.
32
What is the highest common divisor of 348109 and 17?
17
What is the highest common factor of 2183022 and 207?
207
Calculate the greatest common factor of 492 and 1326.
6
Calculate the highest common divisor of 9827 and 16801.
317
Calculate the highest common factor of 73 and 28032.
73
Calculate the highest common divisor of 86 and 104576.
86
What is the highest common factor of 1152 and 2183168?
128
What is the greatest common factor of 20194 and 1756?
878
Calculate the greatest common divisor of 325 and 18406375.
325
What is the highest common factor of 553904 and 16?
16
What is the greatest common divisor of 136172 and 944?
236
Calculate the greatest common divisor of 399 and 1869.
21
Calculate the highest common factor of 37128 and 1972.
68
Calculate the greatest common divisor of 770 and 91960.
110
What is the greatest common divisor of 310 and 55025?
155
Calculate the highest common divisor of 515 and 456805.
515
What is the highest common divisor of 100181 and 1278?
71
Calculate the highest common factor of 1 and 1018106.
1
What is the highest common divisor of 4000 and 5792?
32
What is the highest common factor of 23 and 398084?
23
Calculate the highest common factor of 1038 and 7710.
6
What is the greatest common factor of 64 and 352?
32
What is the highest common factor of 962 and 233951?
37
What is the highest common divisor of 949 and 886366?
949
What is the highest common factor of 2523 and 38686?
841
What is the greatest common divisor of 8281 and 11323?
169
What is the highest common factor of 75 and 49065?
15
Calculate the highest common factor of 6968 and 112694.
134
Calculate the greatest common divisor of 2712096 and 219.
219
Calculate the greatest common factor of 1 and 9199.
1
Calculate the greatest common divisor of 49404 and 96.
12
What is the greatest common divisor of 1076 and 21251?
269
What is the highest common divisor of 40 and 148?
4
What is the highest common divisor of 14455 and 23030?
245
What is the greatest common divisor of 1800588 and 84?
12
What is the greatest common divisor of 12900 and 17700?
300
Calculate the highest common factor of 81400 and 161320.
1480
What is the greatest common factor of 185 and 3589?
37
What is the highest common divisor of 412 and 438574?
206
Calculate the greatest common divisor of 405944 and 2156.
308
Calculate the greatest common factor of 1798 and 203.
29
Calculate the greatest common factor of 2637 and 1038.
3
Calculate the greatest common divisor of 265136 and 12848.
1168
What is the highest common factor of 141 and 10467981?
141
Calculate the greatest common divisor of 651 and 10137.
93
What is the highest common factor of 184 and 111784?
8
Calculate the greatest common factor of 51269 and 1837.
167
Calculate the greatest common factor of 603 and 1876.
67
Calculate the greatest common divisor of 1233 and 4247.
137
Calculate the greatest common divisor of 66950 and 221.
13
What is the highest common divisor of 12 and 2950028?
4
Calculate the highest common divisor of 93753 and 18.
9
Calculate the greatest common divisor of 32 and 616144.
16
Calculate the greatest common divisor of 1215 and 4725.
135
What is the greatest common factor of 90 an